{"id":9620,"date":"2023-03-27T17:47:07","date_gmt":"2023-03-27T14:47:07","guid":{"rendered":"https:\/\/de.acaral.com.tr\/?post_type=product&#038;p=9620"},"modified":"2023-04-25T23:44:46","modified_gmt":"2023-04-25T20:44:46","slug":"sarsilmaz-sar-9-sarjorluk","status":"publish","type":"product","link":"https:\/\/de.acaral.com.tr\/?product=sarsilmaz-sar-9-sarjorluk","title":{"rendered":"Sars\u0131lmaz Sar 9 Zeitschriftenhalter Wei\u00df"},"content":{"rendered":"<p><strong>GEEIGNET F\u00dcR MODELLE<\/strong><\/p>\n<p><strong>Sars\u0131lmaz Sar 9 ist redaktionell geeignet.<\/strong><\/p>\n<p><strong>FUNKTIONEN UND ERKL\u00c4RUNGEN<\/strong><\/p>\n<ul>\n<li><strong>Das Magazin f\u00fchlt sich dank seiner ergonomischen Polsterstruktur weniger schwer an.<\/strong><\/li>\n<li><strong>Es wird mit einem Polymer-Injektionssystem hergestellt, ist langlebig und bietet eine lange Lebensdauer.<\/strong><\/li>\n<li><strong>Mit seiner Kunststoff-Polymer-Funktion sitzt Ihr Magazin fest im Geh\u00e4use, es f\u00e4llt beim Laufen und beim Purzeln nicht herunter.<\/strong><\/li>\n<li><strong>F\u00fcr taktische Benutzer ist der Magazinhalter so konzipiert, dass er schnell am Holster befestigt und wieder entfernt werden kann.<\/strong><\/li>\n<li><strong>Spezialkunststoff zerkratzt Ihr Magazin nicht.<\/strong><\/li>\n<li><strong>Zus\u00e4tzliche Zeitschriften k\u00f6nnen hinzugef\u00fcgt werden.<\/strong><\/li>\n<li><strong>Es ist f\u00fcr milit\u00e4rische, polizeiliche, bewachende und zivile Zwecke geeignet.<\/strong><\/li>\n<li><strong>Es hat 2 Jahre Garantie.<\/strong><\/li>\n<\/ul>\n","protected":false},"excerpt":{"rendered":"<p>GEEIGNET F\u00dcR MODELLE Sars\u0131lmaz Sar 9 ist redaktionell geeignet. FUNKTIONEN UND ERKL\u00c4RUNGEN Das Magazin f\u00fchlt sich dank seiner ergonomischen Polsterstruktur<\/p>\n","protected":false},"featured_media":9622,"comment_status":"open","ping_status":"closed","template":"","meta":[],"product_cat":[33],"product_tag":[],"yoast_head":"<!-- This site is optimized with the Yoast SEO plugin v20.4 - https:\/\/yoast.com\/wordpress\/plugins\/seo\/ -->\n<title>Sars\u0131lmaz Sar 9 Zeitschriftenhalter Wei\u00df - Acaral<\/title>\n<meta name=\"robots\" content=\"index, follow, max-snippet:-1, max-image-preview:large, max-video-preview:-1\" \/>\n<link rel=\"canonical\" href=\"https:\/\/de.acaral.com.tr\/?product=sarsilmaz-sar-9-sarjorluk\" \/>\n<meta property=\"og:locale\" content=\"de_DE\" \/>\n<meta property=\"og:type\" content=\"article\" \/>\n<meta property=\"og:title\" content=\"Sars\u0131lmaz Sar 9 Zeitschriftenhalter Wei\u00df - Acaral\" \/>\n<meta property=\"og:description\" content=\"GEEIGNET F\u00dcR MODELLE Sars\u0131lmaz Sar 9 ist redaktionell geeignet. FUNKTIONEN UND ERKL\u00c4RUNGEN Das Magazin f\u00fchlt sich dank seiner ergonomischen Polsterstruktur\" \/>\n<meta property=\"og:url\" content=\"https:\/\/de.acaral.com.tr\/?product=sarsilmaz-sar-9-sarjorluk\" \/>\n<meta property=\"og:site_name\" content=\"Acaral\" \/>\n<meta property=\"article:publisher\" content=\"https:\/\/facebook.com\/acaralcom\" \/>\n<meta property=\"article:modified_time\" content=\"2023-04-25T20:44:46+00:00\" \/>\n<meta property=\"og:image\" content=\"https:\/\/de.acaral.com.tr\/wp-content\/uploads\/1-16.jpg\" \/>\n\t<meta property=\"og:image:width\" content=\"1400\" \/>\n\t<meta property=\"og:image:height\" content=\"1995\" \/>\n\t<meta property=\"og:image:type\" content=\"image\/jpeg\" \/>\n<meta name=\"twitter:card\" content=\"summary_large_image\" \/>\n<meta name=\"twitter:label1\" content=\"Gesch\u00e4tzte Lesezeit\" \/>\n\t<meta name=\"twitter:data1\" content=\"1\u00a0Minute\" \/>\n<script type=\"application\/ld+json\" class=\"yoast-schema-graph\">{\"@context\":\"https:\/\/schema.org\",\"@graph\":[{\"@type\":\"WebPage\",\"@id\":\"https:\/\/de.acaral.com.tr\/?product=sarsilmaz-sar-9-sarjorluk\",\"url\":\"https:\/\/de.acaral.com.tr\/?product=sarsilmaz-sar-9-sarjorluk\",\"name\":\"Sars\u0131lmaz Sar 9 Zeitschriftenhalter Wei\u00df - Acaral\",\"isPartOf\":{\"@id\":\"https:\/\/de.acaral.com.tr\/#website\"},\"datePublished\":\"2023-03-27T14:47:07+00:00\",\"dateModified\":\"2023-04-25T20:44:46+00:00\",\"breadcrumb\":{\"@id\":\"https:\/\/de.acaral.com.tr\/?product=sarsilmaz-sar-9-sarjorluk#breadcrumb\"},\"inLanguage\":\"de\",\"potentialAction\":[{\"@type\":\"ReadAction\",\"target\":[\"https:\/\/de.acaral.com.tr\/?product=sarsilmaz-sar-9-sarjorluk\"]}]},{\"@type\":\"BreadcrumbList\",\"@id\":\"https:\/\/de.acaral.com.tr\/?product=sarsilmaz-sar-9-sarjorluk#breadcrumb\",\"itemListElement\":[{\"@type\":\"ListItem\",\"position\":1,\"name\":\"Anasayfa\",\"item\":\"https:\/\/de.acaral.com.tr\/\"},{\"@type\":\"ListItem\",\"position\":2,\"name\":\"Gesch\u00e4ft\",\"item\":\"https:\/\/de.acaral.com.tr\/?page_id=9\"},{\"@type\":\"ListItem\",\"position\":3,\"name\":\"Sars\u0131lmaz Sar 9 Zeitschriftenhalter Wei\u00df\"}]},{\"@type\":\"WebSite\",\"@id\":\"https:\/\/de.acaral.com.tr\/#website\",\"url\":\"https:\/\/de.acaral.com.tr\/\",\"name\":\"Acaral\",\"description\":\"Waffenzubeh\u00f6r und Ausr\u00fcstung\",\"publisher\":{\"@id\":\"https:\/\/de.acaral.com.tr\/#organization\"},\"potentialAction\":[{\"@type\":\"SearchAction\",\"target\":{\"@type\":\"EntryPoint\",\"urlTemplate\":\"https:\/\/de.acaral.com.tr\/?s={search_term_string}\"},\"query-input\":\"required name=search_term_string\"}],\"inLanguage\":\"de\"},{\"@type\":\"Organization\",\"@id\":\"https:\/\/de.acaral.com.tr\/#organization\",\"name\":\"Silah Aksesuar ve Ekipmanlar\u0131\",\"url\":\"https:\/\/de.acaral.com.tr\/\",\"logo\":{\"@type\":\"ImageObject\",\"inLanguage\":\"de\",\"@id\":\"https:\/\/de.acaral.com.tr\/#\/schema\/logo\/image\/\",\"url\":\"https:\/\/de.acaral.com.tr\/wp-content\/uploads\/logo-fb-2.jpg\",\"contentUrl\":\"https:\/\/de.acaral.com.tr\/wp-content\/uploads\/logo-fb-2.jpg\",\"width\":1687,\"height\":845,\"caption\":\"Silah Aksesuar ve Ekipmanlar\u0131\"},\"image\":{\"@id\":\"https:\/\/de.acaral.com.tr\/#\/schema\/logo\/image\/\"},\"sameAs\":[\"https:\/\/facebook.com\/acaralcom\"]}]}<\/script>\n<!-- \/ Yoast SEO plugin. -->","yoast_head_json":{"title":"Sars\u0131lmaz Sar 9 Zeitschriftenhalter Wei\u00df - Acaral","robots":{"index":"index","follow":"follow","max-snippet":"max-snippet:-1","max-image-preview":"max-image-preview:large","max-video-preview":"max-video-preview:-1"},"canonical":"https:\/\/de.acaral.com.tr\/?product=sarsilmaz-sar-9-sarjorluk","og_locale":"de_DE","og_type":"article","og_title":"Sars\u0131lmaz Sar 9 Zeitschriftenhalter Wei\u00df - Acaral","og_description":"GEEIGNET F\u00dcR MODELLE Sars\u0131lmaz Sar 9 ist redaktionell geeignet. FUNKTIONEN UND ERKL\u00c4RUNGEN Das Magazin f\u00fchlt sich dank seiner ergonomischen Polsterstruktur","og_url":"https:\/\/de.acaral.com.tr\/?product=sarsilmaz-sar-9-sarjorluk","og_site_name":"Acaral","article_publisher":"https:\/\/facebook.com\/acaralcom","article_modified_time":"2023-04-25T20:44:46+00:00","og_image":[{"width":1400,"height":1995,"url":"https:\/\/de.acaral.com.tr\/wp-content\/uploads\/1-16.jpg","type":"image\/jpeg"}],"twitter_card":"summary_large_image","twitter_misc":{"Gesch\u00e4tzte Lesezeit":"1\u00a0Minute"},"schema":{"@context":"https:\/\/schema.org","@graph":[{"@type":"WebPage","@id":"https:\/\/de.acaral.com.tr\/?product=sarsilmaz-sar-9-sarjorluk","url":"https:\/\/de.acaral.com.tr\/?product=sarsilmaz-sar-9-sarjorluk","name":"Sars\u0131lmaz Sar 9 Zeitschriftenhalter Wei\u00df - Acaral","isPartOf":{"@id":"https:\/\/de.acaral.com.tr\/#website"},"datePublished":"2023-03-27T14:47:07+00:00","dateModified":"2023-04-25T20:44:46+00:00","breadcrumb":{"@id":"https:\/\/de.acaral.com.tr\/?product=sarsilmaz-sar-9-sarjorluk#breadcrumb"},"inLanguage":"de","potentialAction":[{"@type":"ReadAction","target":["https:\/\/de.acaral.com.tr\/?product=sarsilmaz-sar-9-sarjorluk"]}]},{"@type":"BreadcrumbList","@id":"https:\/\/de.acaral.com.tr\/?product=sarsilmaz-sar-9-sarjorluk#breadcrumb","itemListElement":[{"@type":"ListItem","position":1,"name":"Anasayfa","item":"https:\/\/de.acaral.com.tr\/"},{"@type":"ListItem","position":2,"name":"Gesch\u00e4ft","item":"https:\/\/de.acaral.com.tr\/?page_id=9"},{"@type":"ListItem","position":3,"name":"Sars\u0131lmaz Sar 9 Zeitschriftenhalter Wei\u00df"}]},{"@type":"WebSite","@id":"https:\/\/de.acaral.com.tr\/#website","url":"https:\/\/de.acaral.com.tr\/","name":"Acaral","description":"Waffenzubeh\u00f6r und Ausr\u00fcstung","publisher":{"@id":"https:\/\/de.acaral.com.tr\/#organization"},"potentialAction":[{"@type":"SearchAction","target":{"@type":"EntryPoint","urlTemplate":"https:\/\/de.acaral.com.tr\/?s={search_term_string}"},"query-input":"required name=search_term_string"}],"inLanguage":"de"},{"@type":"Organization","@id":"https:\/\/de.acaral.com.tr\/#organization","name":"Silah Aksesuar ve Ekipmanlar\u0131","url":"https:\/\/de.acaral.com.tr\/","logo":{"@type":"ImageObject","inLanguage":"de","@id":"https:\/\/de.acaral.com.tr\/#\/schema\/logo\/image\/","url":"https:\/\/de.acaral.com.tr\/wp-content\/uploads\/logo-fb-2.jpg","contentUrl":"https:\/\/de.acaral.com.tr\/wp-content\/uploads\/logo-fb-2.jpg","width":1687,"height":845,"caption":"Silah Aksesuar ve Ekipmanlar\u0131"},"image":{"@id":"https:\/\/de.acaral.com.tr\/#\/schema\/logo\/image\/"},"sameAs":["https:\/\/facebook.com\/acaralcom"]}]}},"_links":{"self":[{"href":"https:\/\/de.acaral.com.tr\/index.php?rest_route=\/wp\/v2\/product\/9620"}],"collection":[{"href":"https:\/\/de.acaral.com.tr\/index.php?rest_route=\/wp\/v2\/product"}],"about":[{"href":"https:\/\/de.acaral.com.tr\/index.php?rest_route=\/wp\/v2\/types\/product"}],"replies":[{"embeddable":true,"href":"https:\/\/de.acaral.com.tr\/index.php?rest_route=%2Fwp%2Fv2%2Fcomments&post=9620"}],"wp:featuredmedia":[{"embeddable":true,"href":"https:\/\/de.acaral.com.tr\/index.php?rest_route=\/wp\/v2\/media\/9622"}],"wp:attachment":[{"href":"https:\/\/de.acaral.com.tr\/index.php?rest_route=%2Fwp%2Fv2%2Fmedia&parent=9620"}],"wp:term":[{"taxonomy":"product_cat","embeddable":true,"href":"https:\/\/de.acaral.com.tr\/index.php?rest_route=%2Fwp%2Fv2%2Fproduct_cat&post=9620"},{"taxonomy":"product_tag","embeddable":true,"href":"https:\/\/de.acaral.com.tr\/index.php?rest_route=%2Fwp%2Fv2%2Fproduct_tag&post=9620"}],"curies":[{"name":"wp","href":"https:\/\/api.w.org\/{rel}","templated":true}]}}